prime factors of 4389.
3, 7, 11, 19
What are the prime factors of 15645?
3, 5, 7, 149
List the prime factors of 6523.
11, 593
List the prime factors of 9190.
2, 5, 919
List the prime factors of 2251.
2251
List the prime factors of 5403.
3, 1801
List the prime factors of 104014.
2, 131, 397
List the prime factors of 2095.
5, 419
What are the prime factors of 8718?
2, 3, 1453
What are the prime factors of 13868?
2, 3467
List the prime factors of 244.
2, 61
What are the prime factors of 24935?
5, 4987
List the prime factors of 9292.
2, 23, 101
What are the prime factors of 31656?
2, 3, 1319
What are the prime factors of 243?
3
What are the prime factors of 925?
5, 37
What are the prime factors of 4090?
2, 5, 409
What are the prime factors of 241?
241
List the prime factors of 13630.
2, 5, 29, 47
What are the prime factors of 45960?
2, 3, 5, 383
What are the prime factors of 956?
2, 239
What are the prime factors of 3411?
3, 379
What are the prime factors of 23907?
3, 13, 613
List the prime factors of 146906.
2, 73453
What are the prime factors of 1812?
2, 3, 151
List the prime factors of 650.
2, 5, 13
List the prime factors of 1370.
2, 5, 137
What are the prime factors of 2074?
2, 17, 61
List the prime factors of 3076.
2, 769
What are the prime factors of 6013?
7, 859
What are the prime factors of 532?
2, 7, 19
List the prime factors of 7749.
3, 7, 41
What are the prime factors of 21632?
2, 13
What are the prime factors of 36537?
3, 19, 641
List the prime factors of 6325.
5, 11, 23
What are the prime factors of 38021?
193, 197
What are the prime factors of 37506?
2, 3, 7, 19, 47
List the prime factors of 7247.
7247
List the prime factors of 119023.
41, 2903
List the prime factors of 3628.
2, 907
List the prime factors of 6839.
7, 977
List the prime factors of 81426.
2, 3, 41, 331
List the prime factors of 469.
7, 67
List the prime factors of 2938.
2, 13, 113
What are the prime factors of 1822?
2, 911
List the prime factors of 604.
2, 151
List the prime factors of 26889.
3, 8963
List the prime factors of 5604.
2, 3, 467
What are the prime factors of 863?
863
List the prime factors of 157118.
2, 13, 6043
List the prime factors of 786.
2, 3, 131
List the prime factors of 66207.
3, 29, 761
What are the prime factors of 1385?
5, 277
What are the prime factors of 150844?
2, 43, 877
What are the prime factors of 968?
2, 11
List the prime factors of 18865.
5, 7, 11
What are the prime factors of 26121?
3, 8707
What are the prime factors of 14188?
2, 3547
List the prime factors of 12334.
2, 7, 881
What are the prime factors of 2417?
2417
List the prime factors of 354.
2, 3, 59
List the prime factors of 14716.
2, 13, 283
List the prime factors of 920.
2, 5, 23
List the prime factors of 39223.
61, 643
List the prime factors of 17007.
3, 5669
List the prime factors of 17917.
19, 23, 41
List the prime factors of 144.
2, 3
List the prime factors of 12169.
43, 283
What are the prime factors of 75430?
2, 5, 19, 397
What are the prime factors of 11418?
2, 3, 11, 173
List the prime factors of 46215.
3, 5, 13, 79
List the prime factors of 9853.
59, 167
List the prime factors of 839.
839
List the prime factors of 1438.
2, 719
List the prime factors of 4100.
2, 5, 41
List the prime factors of 79227.
3, 8803
What are the prime factors of 82716?
2, 3, 61, 113
What are the prime factors of 31273?
11, 2843
List the prime factors of 196744.
2, 24593
List the prime factors of 1216.
2, 19
List the prime factors of 22938.
2, 3, 3823
List the prime factors of 1576.
2, 197
List the prime factors of 15225.
3, 5, 7, 29
List the prime factors of 53242.
2, 7, 3803
List the prime factors of 1733.
1733
What are the prime factors of 58272?
2, 3, 607
What are the prime factors of 20957?
19, 1103
What are the prime factors of 6080?
2, 5, 19
List the prime factors of 721.
7, 103
What are the prime factors of 747?
3, 83
List the prime factors of 60263.
7, 8609
What are the prime factors of 7598?
2, 29, 131
What are the prime factors of 23203?
23203
List the prime factors of 500.
2, 5
What are the prime factors of 80?
2, 5
What are the prime factors of 1272?
2, 3, 53
List the prime factors of 7432.
2, 929
What are the prime factors of 8257?
23, 359
List the prime factors of 190.
2, 5, 19
List the prime factors of 21754.
2, 73, 149
List the prime factors of 12413.
12413
What are the prime factors of 1549?
1549
What are the prime factors of 9714?
2, 3, 1619
What are the prime factors of 25739?
7, 3677
What are the prime factors of 36254?
2, 18127
List the prime factors of 27946.
2, 89, 157
What are the prime factors of 7279?
29, 251
List the prime factors of 8850.
2, 3, 5, 59
List the prime factors of 46522.
2, 7, 3323
What are the prime factors of 2748?
2, 3, 229
What are the prime factors of 2400?
2, 3, 5
List the prime factors of 949.
13, 73
What are the prime factors of 2689?
2689
What are the prime factors of 1652?
2, 7, 59
List the prime factors of 4909.
4909
List the prime factors of 1750.
2, 5, 7
List the prime factors of 1080.
2, 3, 5
List the prime factors of 55154.
2, 11, 23, 109
List the prime factors of 10759.
7, 29, 53
What are the prime factors of 81?
3
List the prime factors of 1282.
2, 641
List the prime factors of 1144.
2, 11, 13
What are the prime factors of 13812?
2, 3, 1151
List the prime factors of 1033.
1033
What are the prime factors of 60999?
3, 20333
List the prime factors of 8250.
2, 3, 5, 11
What are the prime factors of 20217?
3, 23, 293
List the prime factors of 29177.
163, 179
What are the prime factors of 13493?
103, 131
List the prime factors of 1675.
5, 67
What are the prime factors of 3766?
2, 7, 269
What are the prime factors of 8121?
3, 2707
What are the prime factors of 5420?
2, 5, 271
What are the prime factors of 12961?
13, 997
List the prime factors of 1159.
19, 61
What are the prime factors of 23853?
3, 7951
List the prime factors of 146.
2, 73
What are the prime factors of 319?
11, 29
List the prime factors of 174988.
2, 11, 41, 97
What are the prime factors of 2521?
2521
What are the prime factors of 131414?
2, 65707
What are the prime factors of 1342?
2, 11, 61
What are the prime factors of 37220?
2, 5, 1861
What are the prime factors of 24647?
7, 503
List the prime factors of 219.
3, 73
What are the prime factors of 52869?
3, 17623
What are the prime factors of 26987?
26987
List the prime factors of 8496.
2, 3, 59
List the prime factors of 3308.
2, 827
What are the prime factors of 1656?
2, 3, 23
What are the prime factors of 445?
5, 89
What are the prime factors of 34622?
2, 7, 2473
List the prime factors of 23455.
5, 4691
What are the prime factors of 3179?
11, 17
List the prime factors of 4324.
2, 23, 47
List the prime factors of 1968.
2, 3, 41
List the prime factors of 1178.
2, 19, 31
List the prime factors of 987.
3, 7, 47
List the prime factors of 51517.
51517
List the prime factors of 35583.
3, 29, 409
What are the prime factors of 1989?
3, 13, 17
What are the prime factors of 36776?
2, 4597
What are the prime factors of 171?
3, 19
List the prime factors of 359.
359
What are the prime factors of 123555?
3, 5, 8237
What are the prime factors of 1016?
2, 127
List the prime factors of 1775.
5, 71
What are the prime factors of 15228?
2, 3, 47
What are the prime factors of 1123?
1123
List the prime factors of 7655.
5, 1531
What are the prime factors of 1711?
29, 59
What are the prime factors of 634?
2, 317
What are the prime factors of 338?
2, 13
List the prime factors of 1502.
2, 751
List the prime factors of 74557.
7, 10651
List the prime factors of 2189.
11, 199
List the prime factors of 36858.
2, 3, 6143
What are the prime factors of 4323?
3, 11, 131
What are the prime factors of 2207?
2207
What are the prime factors of 11923?
11923
What are the prime factors of 8797?
19, 463
List the prime factors of 6783.
3, 7, 17, 19
List the prime factors of 1238.
2, 619
What are the prime factors of 3008?
2, 47
List the prime factors of 1006.
2, 503
List the prime factors of 1179.
3, 131
List the prime factors of 13208.
2, 13, 127
List the prime factors of 54119.
13, 23, 181
List the prime factors of 2761.
11, 251
What are the prime factors of 5444?
2, 1361
List the prime factors of 6529.
6529
What are the prime factors of 19710?
2, 3, 5, 73
What 